{"id":673,"date":"2022-09-20T08:39:03","date_gmt":"2022-09-20T08:39:03","guid":{"rendered":"https:\/\/naturistderweg.be\/?page_id=673"},"modified":"2023-02-24T10:03:18","modified_gmt":"2023-02-24T10:03:18","slug":"a-propos-de-moi","status":"publish","type":"page","link":"https:\/\/naturistderweg.be\/index.php\/fr\/a-propos-de-moi\/","title":{"rendered":"\u00c0 propos de moi"},"content":{"rendered":"<p><div id='full_slider_1'  class='avia-fullwidth-slider main_color avia-shadow   avia-builder-el-0  el_before_av_section  avia-builder-el-first   container_wrap sidebar_right'  >\n<style type=\"text\/css\" data-created_by=\"avia_inline_auto\" id=\"style-css-av-l89y1pgd-712ee433ac57d8f91486b85fff35d947\">\n#top #wrap_all .avia-slideshow .av-slideshow-caption.av-l89y1pgd-712ee433ac57d8f91486b85fff35d947__0 .avia-caption-title{\nfont-size:50px;\n}\n<\/style>\n<div  class='avia-slideshow av-l89y1pgd-712ee433ac57d8f91486b85fff35d947 avia-slideshow-featured av_slideshow_full avia-slide-slider av-slideshow-ui av-control-default av-slideshow-autoplay av-loop-endless av-loop-manual-endless av-default-height-applied   avia-slideshow-1' data-slideshow-options=\"{&quot;animation&quot;:&quot;slide&quot;,&quot;autoplay&quot;:true,&quot;loop_autoplay&quot;:&quot;endless&quot;,&quot;interval&quot;:5,&quot;loop_manual&quot;:&quot;manual-endless&quot;,&quot;autoplay_stopper&quot;:false,&quot;noNavigation&quot;:false,&quot;bg_slider&quot;:false,&quot;keep_padding&quot;:false,&quot;hoverpause&quot;:false,&quot;show_slide_delay&quot;:0}\"  itemprop=\"image\" itemscope=\"itemscope\" itemtype=\"https:\/\/schema.org\/ImageObject\" ><ul class='avia-slideshow-inner ' style='padding-bottom: 28.666666666667%;'><li  class='avia-slideshow-slide av-l89y1pgd-712ee433ac57d8f91486b85fff35d947__0  av-single-slide slide-1 slide-odd'><div data-rel='slideshow-1' class='avia-slide-wrap '   ><img decoding=\"async\" fetchpriority=\"high\" class=\"wp-image-755 avia-img-lazy-loading-not-755\"  src=\"https:\/\/naturistderweg.be\/wp-content\/uploads\/2022\/08\/P1060957-1500x430.jpg\" width=\"1500\" height=\"430\" title='Waldbaden' alt=''  itemprop=\"thumbnailUrl\"   \/><\/div><\/li><\/ul><div class='av-slideshow-caption av-l89y1pgd-712ee433ac57d8f91486b85fff35d947__0 caption_fullwidth caption_center caption_center_framed caption_framed'><div class=\"container caption_container\"><div class=\"slideshow_caption\"><div class=\"slideshow_inner_caption\"><div class=\"slideshow_align_caption\"><h2 class='avia-caption-title '  itemprop=\"name\" >Trouver le chemin vers la nature, <\/br> c\u2019est aussi trouver le chemin vers soi-m\u00eame!<\/h2><\/div><\/div><\/div><\/div><\/div><\/div><\/div><br \/>\n\n<style type=\"text\/css\" data-created_by=\"avia_inline_auto\" id=\"style-css-av-1qevv5-d0a09aed341b3409d264eb362bf34ef2\">\n.avia-section.av-1qevv5-d0a09aed341b3409d264eb362bf34ef2{\nbackground-color:#f4f4f4;\nbackground-image:unset;\n}\n<\/style>\n<div id='av_section_1'  class='avia-section av-1qevv5-d0a09aed341b3409d264eb362bf34ef2 main_color avia-section-large avia-no-border-styling  avia-builder-el-1  el_after_av_slideshow_full  avia-builder-el-last  avia-bg-style-scroll container_wrap sidebar_right'  ><div class='container av-section-cont-open' ><div class='template-page content  av-content-small alpha units'><div class='post-entry post-entry-type-page post-entry-673'><div class='entry-content-wrapper clearfix'>\n\n<style type=\"text\/css\" data-created_by=\"avia_inline_auto\" id=\"style-css-av-1imq7t-23c4d1d2f5b3c8c73ad1d07c16161ddb\">\n.flex_column.av-1imq7t-23c4d1d2f5b3c8c73ad1d07c16161ddb{\nborder-radius:0px 0px 0px 0px;\npadding:0px 0px 0px 0px;\n}\n<\/style>\n<div  class='flex_column av-1imq7t-23c4d1d2f5b3c8c73ad1d07c16161ddb av_one_half  avia-builder-el-2  el_before_av_one_half  avia-builder-el-first  first flex_column_div av-zero-column-padding  '     ><style type=\"text\/css\" data-created_by=\"avia_inline_auto\" id=\"style-css-av-1e0tzt-fb0a74e49eb1e482f142524165db79ef\">\n.avia-image-container.av-1e0tzt-fb0a74e49eb1e482f142524165db79ef img.avia_image{\nbox-shadow:none;\n}\n.avia-image-container.av-1e0tzt-fb0a74e49eb1e482f142524165db79ef .av-image-caption-overlay-center{\ncolor:#ffffff;\n}\n<\/style>\n<div  class='avia-image-container av-1e0tzt-fb0a74e49eb1e482f142524165db79ef av-styling- avia-align-center  avia-builder-el-3  avia-builder-el-no-sibling '   itemprop=\"image\" itemscope=\"itemscope\" itemtype=\"https:\/\/schema.org\/ImageObject\" ><div class=\"avia-image-container-inner\"><div class=\"avia-image-overlay-wrap\"><img decoding=\"async\" fetchpriority=\"high\" class='wp-image-497 avia-img-lazy-loading-not-497 avia_image ' src=\"https:\/\/naturistderweg.be\/wp-content\/uploads\/2022\/08\/P1060401.jpg\" alt='' title='Daniel Mackels'  height=\"420\" width=\"538\"  itemprop=\"thumbnailUrl\" srcset=\"https:\/\/naturistderweg.be\/wp-content\/uploads\/2022\/08\/P1060401.jpg 538w, https:\/\/naturistderweg.be\/wp-content\/uploads\/2022\/08\/P1060401-300x234.jpg 300w\" sizes=\"(max-width: 538px) 100vw, 538px\" \/><\/div><\/div><\/div><\/div>\n<style type=\"text\/css\" data-created_by=\"avia_inline_auto\" id=\"style-css-av-19bibd-2f88a218705ea3037df50aabab442e61\">\n.flex_column.av-19bibd-2f88a218705ea3037df50aabab442e61{\nborder-radius:0px 0px 0px 0px;\npadding:0px 0px 0px 0px;\n}\n<\/style>\n<div  class='flex_column av-19bibd-2f88a218705ea3037df50aabab442e61 av_one_half  avia-builder-el-4  el_after_av_one_half  el_before_av_one_third  flex_column_div av-zero-column-padding  '     ><section  class='av_textblock_section av-l89y2rio-3a8619398581d3c81b5ea6b9a205f6f5 '   itemscope=\"itemscope\" itemtype=\"https:\/\/schema.org\/CreativeWork\" ><div class='avia_textblock'  itemprop=\"text\" ><p>Apr\u00e8s avoir travaill\u00e9 pendant 33 ans comme employ\u00e9 dans une entreprise de production locale, j&#8217;ai suivi en octobre 2020 une formation de 18 mois d&#8217;aide-soignant, d&#8217;aide familial et d&#8217;aide aux personnes \u00e2g\u00e9es. Depuis mai 2022, je travaille \u00e0 l&#8217;aide familiale dans le domaine des gardes malades.<br \/>\nComme j&#8217;aime \u00eatre dans la nature et avec les gens, j&#8217;ai d\u00e9cid\u00e9 de m&#8217;installer \u00e0 mon compte en tant que guide nature et sylvoth\u00e9rapeute en parall\u00e8le.<br \/>\nEn janvier 2019, j&#8217;ai re\u00e7u mon dipl\u00f4me de guide nature et en septembre de la m\u00eame ann\u00e9e, j&#8217;ai suivi une formation de th\u00e9rapeute en for\u00eat et en nature \u00e0 Baden Baden.<br \/>\nLa for\u00eat m&#8217;apporte calme et force. J&#8217;aimerais transmettre cela et je serais heureux de faire de la sylvoth\u00e9rapie\/Shinrin Yoku avec vous, ou de vous faire d\u00e9couvrir la nature pure dans notre r\u00e9gion.<br \/>\nJ&#8217;aimerais encore ajouter bri\u00e8vement que j&#8217;ai entra\u00een\u00e9 des enfants de 8 et 9 ans en tant qu&#8217;entra\u00eeneur de jeunes footballeurs de 2008 \u00e0 2016. Depuis 2013, je travaille \u00e9galement b\u00e9n\u00e9volement avec des personnes handicap\u00e9es. Par cons\u00e9quent, je serais heureux de pouvoir d\u00e9couvrir la nature avec ces personnes \u00e9galement.<\/p>\n<\/div><\/section><\/div><div  class='flex_column av-14y5yp-6481ba9dcd42095ad53146c711cdca85 av_one_third  avia-builder-el-6  el_after_av_one_half  el_before_av_one_third  first flex_column_div  column-top-margin'     ><style type=\"text\/css\" data-created_by=\"avia_inline_auto\" id=\"style-css-av-ycg3d-bfe9d0a76e2e8dd17969bf97910fe8ab\">\n.avia-image-container.av-ycg3d-bfe9d0a76e2e8dd17969bf97910fe8ab img.avia_image{\nbox-shadow:none;\n}\n.avia-image-container.av-ycg3d-bfe9d0a76e2e8dd17969bf97910fe8ab .av-image-caption-overlay-center{\ncolor:#ffffff;\n}\n<\/style>\n<div  class='avia-image-container av-ycg3d-bfe9d0a76e2e8dd17969bf97910fe8ab av-styling- avia-align-center  avia-builder-el-7  avia-builder-el-no-sibling '   itemprop=\"image\" itemscope=\"itemscope\" itemtype=\"https:\/\/schema.org\/ImageObject\" ><div class=\"avia-image-container-inner\"><div class=\"avia-image-overlay-wrap\"><img decoding=\"async\" fetchpriority=\"high\" class='wp-image-703 avia-img-lazy-loading-not-703 avia_image ' src=\"https:\/\/naturistderweg.be\/wp-content\/uploads\/2022\/08\/Mackels-Daniel-Waldtherapie_web.jpg\" alt='' title='Diplom Waldtherapie'  height=\"1000\" width=\"750\"  itemprop=\"thumbnailUrl\" srcset=\"https:\/\/naturistderweg.be\/wp-content\/uploads\/2022\/08\/Mackels-Daniel-Waldtherapie_web.jpg 750w, https:\/\/naturistderweg.be\/wp-content\/uploads\/2022\/08\/Mackels-Daniel-Waldtherapie_web-225x300.jpg 225w, https:\/\/naturistderweg.be\/wp-content\/uploads\/2022\/08\/Mackels-Daniel-Waldtherapie_web-529x705.jpg 529w\" sizes=\"(max-width: 750px) 100vw, 750px\" \/><\/div><\/div><\/div><\/div><div  class='flex_column av-oro21-895a1befeb3b0fe45ef85779693cc82a av_one_third  avia-builder-el-8  el_after_av_one_third  el_before_av_one_third  flex_column_div  column-top-margin'     ><style type=\"text\/css\" data-created_by=\"avia_inline_auto\" id=\"style-css-av-lasop-34f5e005dc9900ca3448d1f44db15ad4\">\n.avia-image-container.av-lasop-34f5e005dc9900ca3448d1f44db15ad4 img.avia_image{\nbox-shadow:none;\n}\n.avia-image-container.av-lasop-34f5e005dc9900ca3448d1f44db15ad4 .av-image-caption-overlay-center{\ncolor:#ffffff;\n}\n<\/style>\n<div  class='avia-image-container av-lasop-34f5e005dc9900ca3448d1f44db15ad4 av-styling- avia-align-center  avia-builder-el-9  avia-builder-el-no-sibling '   itemprop=\"image\" itemscope=\"itemscope\" itemtype=\"https:\/\/schema.org\/ImageObject\" ><div class=\"avia-image-container-inner\"><div class=\"avia-image-overlay-wrap\"><img decoding=\"async\" fetchpriority=\"high\" class='wp-image-568 avia-img-lazy-loading-not-568 avia_image ' src=\"https:\/\/naturistderweg.be\/wp-content\/uploads\/2022\/08\/Mackels-Daniel-Naturtherapie_web.jpg\" alt='' title='Diplom Naturtherapie'  height=\"1000\" width=\"750\"  itemprop=\"thumbnailUrl\" srcset=\"https:\/\/naturistderweg.be\/wp-content\/uploads\/2022\/08\/Mackels-Daniel-Naturtherapie_web.jpg 750w, https:\/\/naturistderweg.be\/wp-content\/uploads\/2022\/08\/Mackels-Daniel-Naturtherapie_web-225x300.jpg 225w, https:\/\/naturistderweg.be\/wp-content\/uploads\/2022\/08\/Mackels-Daniel-Naturtherapie_web-529x705.jpg 529w\" sizes=\"(max-width: 750px) 100vw, 750px\" \/><\/div><\/div><\/div><\/div><div  class='flex_column av-1l0zl-d69030548da978eef4fcf1c4ecc5861e av_one_third  avia-builder-el-10  el_after_av_one_third  avia-builder-el-last  flex_column_div  column-top-margin'     ><style type=\"text\/css\" data-created_by=\"avia_inline_auto\" id=\"style-css-av-8qdnd-82bc661dfed81bf2d42f31137eb998b6\">\n.avia-image-container.av-8qdnd-82bc661dfed81bf2d42f31137eb998b6 img.avia_image{\nbox-shadow:none;\n}\n.avia-image-container.av-8qdnd-82bc661dfed81bf2d42f31137eb998b6 .av-image-caption-overlay-center{\ncolor:#ffffff;\n}\n<\/style>\n<div  class='avia-image-container av-8qdnd-82bc661dfed81bf2d42f31137eb998b6 av-styling- avia-align-center  avia-builder-el-11  avia-builder-el-no-sibling '   itemprop=\"image\" itemscope=\"itemscope\" itemtype=\"https:\/\/schema.org\/ImageObject\" ><div class=\"avia-image-container-inner\"><div class=\"avia-image-overlay-wrap\"><img decoding=\"async\" fetchpriority=\"high\" class='wp-image-567 avia-img-lazy-loading-not-567 avia_image ' src=\"https:\/\/naturistderweg.be\/wp-content\/uploads\/2022\/08\/Diplom-Naturfuehrer-Daniel_web.jpg\" alt='' title='Diplom Naturf\u00fchrer'  height=\"1000\" width=\"750\"  itemprop=\"thumbnailUrl\" srcset=\"https:\/\/naturistderweg.be\/wp-content\/uploads\/2022\/08\/Diplom-Naturfuehrer-Daniel_web.jpg 750w, https:\/\/naturistderweg.be\/wp-content\/uploads\/2022\/08\/Diplom-Naturfuehrer-Daniel_web-225x300.jpg 225w, https:\/\/naturistderweg.be\/wp-content\/uploads\/2022\/08\/Diplom-Naturfuehrer-Daniel_web-529x705.jpg 529w\" sizes=\"(max-width: 750px) 100vw, 750px\" \/><\/div><\/div><\/div><\/div>\n<\/div><\/div><\/div><!-- close content main div --><\/div><\/div><div id='after_section_1'  class='main_color av_default_container_wrap container_wrap sidebar_right'  ><div class='container av-section-cont-open' ><div class='template-page content  av-content-small alpha units'><div class='post-entry post-entry-type-page post-entry-673'><div class='entry-content-wrapper clearfix'><\/p>\n","protected":false},"excerpt":{"rendered":"","protected":false},"author":1,"featured_media":0,"parent":0,"menu_order":0,"comment_status":"closed","ping_status":"closed","template":"","meta":{"footnotes":""},"class_list":["post-673","page","type-page","status-publish","hentry"],"yoast_head":"<!-- This site is optimized with the Yoast SEO plugin v27.4 - https:\/\/yoast.com\/product\/yoast-seo-wordpress\/ -->\n<title>\u00c0 propos de moi - Natur ist der Weg<\/title>\n<meta name=\"description\" content=\"Daniel Mackels, Waldf\u00fchrer, Naturf\u00fchrer, Waldbaden, Shinrin Yoku, Waldtherapeut, Naturtherapeut, Wanderung, hohes Venn\" \/>\n<meta name=\"robots\" content=\"index, follow, max-snippet:-1, max-image-preview:large, max-video-preview:-1\" \/>\n<link rel=\"canonical\" href=\"https:\/\/naturistderweg.be\/index.php\/fr\/a-propos-de-moi\/\" \/>\n<meta property=\"og:locale\" content=\"de_DE\" \/>\n<meta property=\"og:type\" content=\"article\" \/>\n<meta property=\"og:title\" content=\"\u00c0 propos de moi - Natur ist der Weg\" \/>\n<meta property=\"og:description\" content=\"Daniel Mackels, Waldf\u00fchrer, Naturf\u00fchrer, Waldbaden, Shinrin Yoku, Waldtherapeut, Naturtherapeut, Wanderung, hohes Venn\" \/>\n<meta property=\"og:url\" content=\"https:\/\/naturistderweg.be\/index.php\/fr\/a-propos-de-moi\/\" \/>\n<meta property=\"og:site_name\" content=\"Natur ist der Weg\" \/>\n<meta property=\"article:modified_time\" content=\"2023-02-24T10:03:18+00:00\" \/>\n<meta name=\"twitter:card\" content=\"summary_large_image\" \/>\n<meta name=\"twitter:label1\" content=\"Gesch\u00e4tzte Lesezeit\" \/>\n\t<meta name=\"twitter:data1\" content=\"7\u00a0Minuten\" \/>\n<script type=\"application\/ld+json\" class=\"yoast-schema-graph\">{\"@context\":\"https:\\\/\\\/schema.org\",\"@graph\":[{\"@type\":\"WebPage\",\"@id\":\"https:\\\/\\\/naturistderweg.be\\\/index.php\\\/fr\\\/a-propos-de-moi\\\/\",\"url\":\"https:\\\/\\\/naturistderweg.be\\\/index.php\\\/fr\\\/a-propos-de-moi\\\/\",\"name\":\"\u00c0 propos de moi - Natur ist der Weg\",\"isPartOf\":{\"@id\":\"https:\\\/\\\/naturistderweg.be\\\/#website\"},\"datePublished\":\"2022-09-20T08:39:03+00:00\",\"dateModified\":\"2023-02-24T10:03:18+00:00\",\"description\":\"Daniel Mackels, Waldf\u00fchrer, Naturf\u00fchrer, Waldbaden, Shinrin Yoku, Waldtherapeut, Naturtherapeut, Wanderung, hohes Venn\",\"breadcrumb\":{\"@id\":\"https:\\\/\\\/naturistderweg.be\\\/index.php\\\/fr\\\/a-propos-de-moi\\\/#breadcrumb\"},\"inLanguage\":\"de\",\"potentialAction\":[{\"@type\":\"ReadAction\",\"target\":[\"https:\\\/\\\/naturistderweg.be\\\/index.php\\\/fr\\\/a-propos-de-moi\\\/\"]}]},{\"@type\":\"BreadcrumbList\",\"@id\":\"https:\\\/\\\/naturistderweg.be\\\/index.php\\\/fr\\\/a-propos-de-moi\\\/#breadcrumb\",\"itemListElement\":[{\"@type\":\"ListItem\",\"position\":1,\"name\":\"Startseite\",\"item\":\"https:\\\/\\\/naturistderweg.be\\\/\"},{\"@type\":\"ListItem\",\"position\":2,\"name\":\"\u00c0 propos de moi\"}]},{\"@type\":\"WebSite\",\"@id\":\"https:\\\/\\\/naturistderweg.be\\\/#website\",\"url\":\"https:\\\/\\\/naturistderweg.be\\\/\",\"name\":\"Natur ist der Weg\",\"description\":\"\",\"potentialAction\":[{\"@type\":\"SearchAction\",\"target\":{\"@type\":\"EntryPoint\",\"urlTemplate\":\"https:\\\/\\\/naturistderweg.be\\\/?s={search_term_string}\"},\"query-input\":{\"@type\":\"PropertyValueSpecification\",\"valueRequired\":true,\"valueName\":\"search_term_string\"}}],\"inLanguage\":\"de\"}]}<\/script>\n<!-- \/ Yoast SEO plugin. -->","yoast_head_json":{"title":"\u00c0 propos de moi - Natur ist der Weg","description":"Daniel Mackels, Waldf\u00fchrer, Naturf\u00fchrer, Waldbaden, Shinrin Yoku, Waldtherapeut, Naturtherapeut, Wanderung, hohes Venn","robots":{"index":"index","follow":"follow","max-snippet":"max-snippet:-1","max-image-preview":"max-image-preview:large","max-video-preview":"max-video-preview:-1"},"canonical":"https:\/\/naturistderweg.be\/index.php\/fr\/a-propos-de-moi\/","og_locale":"de_DE","og_type":"article","og_title":"\u00c0 propos de moi - Natur ist der Weg","og_description":"Daniel Mackels, Waldf\u00fchrer, Naturf\u00fchrer, Waldbaden, Shinrin Yoku, Waldtherapeut, Naturtherapeut, Wanderung, hohes Venn","og_url":"https:\/\/naturistderweg.be\/index.php\/fr\/a-propos-de-moi\/","og_site_name":"Natur ist der Weg","article_modified_time":"2023-02-24T10:03:18+00:00","twitter_card":"summary_large_image","twitter_misc":{"Gesch\u00e4tzte Lesezeit":"7\u00a0Minuten"},"schema":{"@context":"https:\/\/schema.org","@graph":[{"@type":"WebPage","@id":"https:\/\/naturistderweg.be\/index.php\/fr\/a-propos-de-moi\/","url":"https:\/\/naturistderweg.be\/index.php\/fr\/a-propos-de-moi\/","name":"\u00c0 propos de moi - Natur ist der Weg","isPartOf":{"@id":"https:\/\/naturistderweg.be\/#website"},"datePublished":"2022-09-20T08:39:03+00:00","dateModified":"2023-02-24T10:03:18+00:00","description":"Daniel Mackels, Waldf\u00fchrer, Naturf\u00fchrer, Waldbaden, Shinrin Yoku, Waldtherapeut, Naturtherapeut, Wanderung, hohes Venn","breadcrumb":{"@id":"https:\/\/naturistderweg.be\/index.php\/fr\/a-propos-de-moi\/#breadcrumb"},"inLanguage":"de","potentialAction":[{"@type":"ReadAction","target":["https:\/\/naturistderweg.be\/index.php\/fr\/a-propos-de-moi\/"]}]},{"@type":"BreadcrumbList","@id":"https:\/\/naturistderweg.be\/index.php\/fr\/a-propos-de-moi\/#breadcrumb","itemListElement":[{"@type":"ListItem","position":1,"name":"Startseite","item":"https:\/\/naturistderweg.be\/"},{"@type":"ListItem","position":2,"name":"\u00c0 propos de moi"}]},{"@type":"WebSite","@id":"https:\/\/naturistderweg.be\/#website","url":"https:\/\/naturistderweg.be\/","name":"Natur ist der Weg","description":"","potentialAction":[{"@type":"SearchAction","target":{"@type":"EntryPoint","urlTemplate":"https:\/\/naturistderweg.be\/?s={search_term_string}"},"query-input":{"@type":"PropertyValueSpecification","valueRequired":true,"valueName":"search_term_string"}}],"inLanguage":"de"}]}},"_links":{"self":[{"href":"https:\/\/naturistderweg.be\/index.php\/wp-json\/wp\/v2\/pages\/673","targetHints":{"allow":["GET"]}}],"collection":[{"href":"https:\/\/naturistderweg.be\/index.php\/wp-json\/wp\/v2\/pages"}],"about":[{"href":"https:\/\/naturistderweg.be\/index.php\/wp-json\/wp\/v2\/types\/page"}],"author":[{"embeddable":true,"href":"https:\/\/naturistderweg.be\/index.php\/wp-json\/wp\/v2\/users\/1"}],"replies":[{"embeddable":true,"href":"https:\/\/naturistderweg.be\/index.php\/wp-json\/wp\/v2\/comments?post=673"}],"version-history":[{"count":5,"href":"https:\/\/naturistderweg.be\/index.php\/wp-json\/wp\/v2\/pages\/673\/revisions"}],"predecessor-version":[{"id":878,"href":"https:\/\/naturistderweg.be\/index.php\/wp-json\/wp\/v2\/pages\/673\/revisions\/878"}],"wp:attachment":[{"href":"https:\/\/naturistderweg.be\/index.php\/wp-json\/wp\/v2\/media?parent=673"}],"curies":[{"name":"wp","href":"https:\/\/api.w.org\/{rel}","templated":true}]}}