{"id":420,"date":"2022-08-03T12:22:16","date_gmt":"2022-08-03T12:22:16","guid":{"rendered":"https:\/\/naturistderweg.be\/?page_id=420"},"modified":"2026-02-03T10:33:55","modified_gmt":"2026-02-03T10:33:55","slug":"home-fr","status":"publish","type":"page","link":"https:\/\/naturistderweg.be\/index.php\/fr\/home-fr\/","title":{"rendered":"Home FR"},"content":{"rendered":"<div class='clear'><\/div><div id='sub_menu1'  class='av-submenu-container av-l89x1moo-6d5eae39e454a9f523873ac5540c474e main_color  avia-builder-el-0  el_before_av_fullscreen  avia-builder-el-first  av-sticky-submenu container_wrap sidebar_right' style='z-index:301' ><div class='container av-menu-mobile-disabled av-submenu-pos-center'><ul id=\"menu-sprachen-fr\" class=\"av-subnav-menu\" role=\"menu\"><li role=\"menuitem\" id=\"menu-item-411\" class=\"menu-item menu-item-type-custom menu-item-object-custom menu-item-top-level menu-item-top-level-1\"><a href=\"#pll_switcher\" itemprop=\"url\" tabindex=\"0\"><span class=\"avia-bullet\"><\/span><span class=\"avia-menu-text\">Sprachen<\/span><span class=\"avia-menu-fx\"><span class=\"avia-arrow-wrap\"><span class=\"avia-arrow\"><\/span><\/span><\/span><\/a><\/li>\n<\/ul><\/div><\/div><div class='sticky_placeholder'><\/div>\n<div   class='avia-fullscreen-slider main_color   avia-builder-el-1  el_after_av_submenu  avia-builder-el-last  slider-not-first container_wrap sidebar_right'  >\n<style type=\"text\/css\" data-created_by=\"avia_inline_auto\" id=\"style-css-av-l89x424n-71efe3538d4aad19cbe7723fe08e74ab\">\n#top #wrap_all .avia-slideshow .av-slideshow-caption.av-l89x424n-71efe3538d4aad19cbe7723fe08e74ab__0 .avia-caption-title{\nfont-size:70px;\n}\n#top .avia-slideshow .av-slideshow-caption.av-l89x424n-71efe3538d4aad19cbe7723fe08e74ab__0 .avia-caption-content{\nfont-size:24px;\n}\n#top .avia-slideshow .av-slideshow-caption.av-l89x424n-71efe3538d4aad19cbe7723fe08e74ab__0 .avia-caption-content p{\nfont-size:24px;\n}\n<\/style>\n<div  class='avia-slideshow av-l89x424n-71efe3538d4aad19cbe7723fe08e74ab avia-slideshow-no scaling av_fullscreen avia-fade-slider av-slideshow-ui av-control-hidden av-no-slider-navigation av-hide-nav-arrows av-slideshow-autoplay av-loop-endless av-loop-manual-endless av-default-height-applied   avia-slideshow-1' data-slideshow-options=\"{&quot;animation&quot;:&quot;fade&quot;,&quot;autoplay&quot;:true,&quot;loop_autoplay&quot;:&quot;endless&quot;,&quot;interval&quot;:7,&quot;loop_manual&quot;:&quot;manual-endless&quot;,&quot;autoplay_stopper&quot;:false,&quot;noNavigation&quot;:true,&quot;bg_slider&quot;:true,&quot;keep_padding&quot;:false,&quot;hoverpause&quot;:false,&quot;show_slide_delay&quot;:0,&quot;slide_height&quot;:&quot;100&quot;,&quot;image_attachment&quot;:&quot;&quot;}\"  itemprop=\"image\" itemscope=\"itemscope\" itemtype=\"https:\/\/schema.org\/ImageObject\" ><ul class='avia-slideshow-inner ' style='padding-bottom: 66.796875%;'><li style='background-position:center right;' data-img-url='https:\/\/naturistderweg.be\/wp-content\/uploads\/2022\/08\/P1060639-1-scaled.jpg' class='avia-slideshow-slide av-l89x424n-71efe3538d4aad19cbe7723fe08e74ab__0  slide-1 slide-odd'><div data-rel='slideshow-1' class='avia-slide-wrap '   ><div class='av-section-color-overlay' style='opacity: 0.3; background-color: #000000; '><\/div><\/div><\/li><li style='background-position:center center;' data-img-url='https:\/\/naturistderweg.be\/wp-content\/uploads\/2024\/12\/P1110276-2-1-scaled.jpg' class='avia-slideshow-slide av-l89x424n-71efe3538d4aad19cbe7723fe08e74ab__1  slide-2 slide-even'><div data-rel='slideshow-1' class='avia-slide-wrap '   ><\/div><\/li><li style='background-position:center center;' data-img-url='https:\/\/naturistderweg.be\/wp-content\/uploads\/2022\/08\/P1060957-scaled.jpg' class='avia-slideshow-slide av-l89x424n-71efe3538d4aad19cbe7723fe08e74ab__2  slide-3 slide-odd'><div data-rel='slideshow-1' class='avia-slide-wrap '   ><div class='av-section-color-overlay' style='opacity: 0.3; background-color: #000000; '><\/div><\/div><\/li><li style='background-position:center center;' data-img-url='https:\/\/naturistderweg.be\/wp-content\/uploads\/2022\/08\/P1110373-2-scaled.jpg' class='avia-slideshow-slide av-l89x424n-71efe3538d4aad19cbe7723fe08e74ab__3  slide-4 slide-even'><div data-rel='slideshow-1' class='avia-slide-wrap '   ><\/div><\/li><\/ul><div class='avia-slideshow-arrows avia-slideshow-controls' ><a href='#prev' class='prev-slide  avia-svg-icon avia-font-svg_entypo-fontello' data-av_svg_icon='left-open-big' data-av_iconset='svg_entypo-fontello' tabindex='-1' title=\"Zur\u00fcck\"><svg version=\"1.1\" xmlns=\"http:\/\/www.w3.org\/2000\/svg\" width=\"15\" height=\"32\" viewBox=\"0 0 15 32\" preserveAspectRatio=\"xMidYMid meet\" aria-labelledby='av-svg-title-1' aria-describedby='av-svg-desc-1' role=\"graphics-symbol\" aria-hidden=\"true\">\n<title id='av-svg-title-1'>Zur\u00fcck<\/title>\n<desc id='av-svg-desc-1'>Zur\u00fcck<\/desc>\n<path d=\"M14.464 27.84q0.832 0.832 0 1.536-0.832 0.832-1.536 0l-12.544-12.608q-0.768-0.768 0-1.6l12.544-12.608q0.704-0.832 1.536 0 0.832 0.704 0 1.536l-11.456 11.904z\"><\/path>\n<\/svg><span class='avia_hidden_link_text'>Zur\u00fcck<\/span><\/a><a href='#next' class='next-slide  avia-svg-icon avia-font-svg_entypo-fontello' data-av_svg_icon='right-open-big' data-av_iconset='svg_entypo-fontello' tabindex='-1' title=\"Weiter\"><svg version=\"1.1\" xmlns=\"http:\/\/www.w3.org\/2000\/svg\" width=\"15\" height=\"32\" viewBox=\"0 0 15 32\" preserveAspectRatio=\"xMidYMid meet\" aria-labelledby='av-svg-title-2' aria-describedby='av-svg-desc-2' role=\"graphics-symbol\" aria-hidden=\"true\">\n<title id='av-svg-title-2'>Weiter<\/title>\n<desc id='av-svg-desc-2'>Weiter<\/desc>\n<path d=\"M0.416 27.84l11.456-11.84-11.456-11.904q-0.832-0.832 0-1.536 0.832-0.832 1.536 0l12.544 12.608q0.768 0.832 0 1.6l-12.544 12.608q-0.704 0.832-1.536 0-0.832-0.704 0-1.536z\"><\/path>\n<\/svg><span class='avia_hidden_link_text'>Weiter<\/span><\/a><\/div><div class='av-slideshow-caption av-l89x424n-71efe3538d4aad19cbe7723fe08e74ab__0 caption_fullwidth caption_center'><div class=\"container caption_container\"><div class=\"slideshow_caption\"><div class=\"slideshow_inner_caption\"><div class=\"slideshow_align_caption\"><h2 class='avia-caption-title '  itemprop=\"name\" >dimanche 10 mai de 10.00 - 14.00 h sylvoth\u00e9rapie \u00e0 Ternell<\/h2><br\/><a href='https:\/\/naturistderweg.be\/index.php\/fr\/programme\/'  class='avia-slideshow-button avia-button avia-color-light ' data-duration='800' data-easing='easeInOutQuad'>informations et inscription sur www.ternell.be\/veranstaltungskalender<\/a><\/div><\/div><\/div><\/div><\/div><\/div><\/div>\n","protected":false},"excerpt":{"rendered":"","protected":false},"author":1,"featured_media":0,"parent":0,"menu_order":0,"comment_status":"closed","ping_status":"closed","template":"","meta":{"footnotes":""},"class_list":["post-420","page","type-page","status-publish","hentry"],"yoast_head":"<!-- This site is optimized with the Yoast SEO plugin v27.4 - https:\/\/yoast.com\/product\/yoast-seo-wordpress\/ -->\n<title>Home FR - Natur ist der Weg<\/title>\n<meta name=\"description\" content=\"Daniel Mackels, guide forestier, guide nature, bain de for\u00eat, Shinrin Yoku, th\u00e9rapeute forestier, th\u00e9rapeute nature, randonn\u00e9e, Hautes Fagnes\" \/>\n<meta name=\"robots\" content=\"index, follow, max-snippet:-1, max-image-preview:large, max-video-preview:-1\" \/>\n<link rel=\"canonical\" href=\"https:\/\/naturistderweg.be\/index.php\/fr\/home-fr\/\" \/>\n<meta property=\"og:locale\" content=\"de_DE\" \/>\n<meta property=\"og:type\" content=\"article\" \/>\n<meta property=\"og:title\" content=\"Home FR - Natur ist der Weg\" \/>\n<meta property=\"og:description\" content=\"Daniel Mackels, guide forestier, guide nature, bain de for\u00eat, Shinrin Yoku, th\u00e9rapeute forestier, th\u00e9rapeute nature, randonn\u00e9e, Hautes Fagnes\" \/>\n<meta property=\"og:url\" content=\"https:\/\/naturistderweg.be\/index.php\/fr\/home-fr\/\" \/>\n<meta property=\"og:site_name\" content=\"Natur ist der Weg\" \/>\n<meta property=\"article:modified_time\" content=\"2026-02-03T10:33:55+00:00\" \/>\n<meta name=\"twitter:card\" content=\"summary_large_image\" \/>\n<meta name=\"twitter:label1\" content=\"Gesch\u00e4tzte Lesezeit\" \/>\n\t<meta name=\"twitter:data1\" content=\"1\u00a0Minute\" \/>\n<script type=\"application\/ld+json\" class=\"yoast-schema-graph\">{\"@context\":\"https:\\\/\\\/schema.org\",\"@graph\":[{\"@type\":\"WebPage\",\"@id\":\"https:\\\/\\\/naturistderweg.be\\\/index.php\\\/fr\\\/home-fr\\\/\",\"url\":\"https:\\\/\\\/naturistderweg.be\\\/index.php\\\/fr\\\/home-fr\\\/\",\"name\":\"Home FR - Natur ist der Weg\",\"isPartOf\":{\"@id\":\"https:\\\/\\\/naturistderweg.be\\\/#website\"},\"datePublished\":\"2022-08-03T12:22:16+00:00\",\"dateModified\":\"2026-02-03T10:33:55+00:00\",\"description\":\"Daniel Mackels, guide forestier, guide nature, bain de for\u00eat, Shinrin Yoku, th\u00e9rapeute forestier, th\u00e9rapeute nature, randonn\u00e9e, Hautes Fagnes\",\"breadcrumb\":{\"@id\":\"https:\\\/\\\/naturistderweg.be\\\/index.php\\\/fr\\\/home-fr\\\/#breadcrumb\"},\"inLanguage\":\"de\",\"potentialAction\":[{\"@type\":\"ReadAction\",\"target\":[\"https:\\\/\\\/naturistderweg.be\\\/index.php\\\/fr\\\/home-fr\\\/\"]}]},{\"@type\":\"BreadcrumbList\",\"@id\":\"https:\\\/\\\/naturistderweg.be\\\/index.php\\\/fr\\\/home-fr\\\/#breadcrumb\",\"itemListElement\":[{\"@type\":\"ListItem\",\"position\":1,\"name\":\"Startseite\",\"item\":\"https:\\\/\\\/naturistderweg.be\\\/\"},{\"@type\":\"ListItem\",\"position\":2,\"name\":\"Home FR\"}]},{\"@type\":\"WebSite\",\"@id\":\"https:\\\/\\\/naturistderweg.be\\\/#website\",\"url\":\"https:\\\/\\\/naturistderweg.be\\\/\",\"name\":\"Natur ist der Weg\",\"description\":\"\",\"potentialAction\":[{\"@type\":\"SearchAction\",\"target\":{\"@type\":\"EntryPoint\",\"urlTemplate\":\"https:\\\/\\\/naturistderweg.be\\\/?s={search_term_string}\"},\"query-input\":{\"@type\":\"PropertyValueSpecification\",\"valueRequired\":true,\"valueName\":\"search_term_string\"}}],\"inLanguage\":\"de\"}]}<\/script>\n<!-- \/ Yoast SEO plugin. -->","yoast_head_json":{"title":"Home FR - Natur ist der Weg","description":"Daniel Mackels, guide forestier, guide nature, bain de for\u00eat, Shinrin Yoku, th\u00e9rapeute forestier, th\u00e9rapeute nature, randonn\u00e9e, Hautes Fagnes","robots":{"index":"index","follow":"follow","max-snippet":"max-snippet:-1","max-image-preview":"max-image-preview:large","max-video-preview":"max-video-preview:-1"},"canonical":"https:\/\/naturistderweg.be\/index.php\/fr\/home-fr\/","og_locale":"de_DE","og_type":"article","og_title":"Home FR - Natur ist der Weg","og_description":"Daniel Mackels, guide forestier, guide nature, bain de for\u00eat, Shinrin Yoku, th\u00e9rapeute forestier, th\u00e9rapeute nature, randonn\u00e9e, Hautes Fagnes","og_url":"https:\/\/naturistderweg.be\/index.php\/fr\/home-fr\/","og_site_name":"Natur ist der Weg","article_modified_time":"2026-02-03T10:33:55+00:00","twitter_card":"summary_large_image","twitter_misc":{"Gesch\u00e4tzte Lesezeit":"1\u00a0Minute"},"schema":{"@context":"https:\/\/schema.org","@graph":[{"@type":"WebPage","@id":"https:\/\/naturistderweg.be\/index.php\/fr\/home-fr\/","url":"https:\/\/naturistderweg.be\/index.php\/fr\/home-fr\/","name":"Home FR - Natur ist der Weg","isPartOf":{"@id":"https:\/\/naturistderweg.be\/#website"},"datePublished":"2022-08-03T12:22:16+00:00","dateModified":"2026-02-03T10:33:55+00:00","description":"Daniel Mackels, guide forestier, guide nature, bain de for\u00eat, Shinrin Yoku, th\u00e9rapeute forestier, th\u00e9rapeute nature, randonn\u00e9e, Hautes Fagnes","breadcrumb":{"@id":"https:\/\/naturistderweg.be\/index.php\/fr\/home-fr\/#breadcrumb"},"inLanguage":"de","potentialAction":[{"@type":"ReadAction","target":["https:\/\/naturistderweg.be\/index.php\/fr\/home-fr\/"]}]},{"@type":"BreadcrumbList","@id":"https:\/\/naturistderweg.be\/index.php\/fr\/home-fr\/#breadcrumb","itemListElement":[{"@type":"ListItem","position":1,"name":"Startseite","item":"https:\/\/naturistderweg.be\/"},{"@type":"ListItem","position":2,"name":"Home FR"}]},{"@type":"WebSite","@id":"https:\/\/naturistderweg.be\/#website","url":"https:\/\/naturistderweg.be\/","name":"Natur ist der Weg","description":"","potentialAction":[{"@type":"SearchAction","target":{"@type":"EntryPoint","urlTemplate":"https:\/\/naturistderweg.be\/?s={search_term_string}"},"query-input":{"@type":"PropertyValueSpecification","valueRequired":true,"valueName":"search_term_string"}}],"inLanguage":"de"}]}},"_links":{"self":[{"href":"https:\/\/naturistderweg.be\/index.php\/wp-json\/wp\/v2\/pages\/420","targetHints":{"allow":["GET"]}}],"collection":[{"href":"https:\/\/naturistderweg.be\/index.php\/wp-json\/wp\/v2\/pages"}],"about":[{"href":"https:\/\/naturistderweg.be\/index.php\/wp-json\/wp\/v2\/types\/page"}],"author":[{"embeddable":true,"href":"https:\/\/naturistderweg.be\/index.php\/wp-json\/wp\/v2\/users\/1"}],"replies":[{"embeddable":true,"href":"https:\/\/naturistderweg.be\/index.php\/wp-json\/wp\/v2\/comments?post=420"}],"version-history":[{"count":60,"href":"https:\/\/naturistderweg.be\/index.php\/wp-json\/wp\/v2\/pages\/420\/revisions"}],"predecessor-version":[{"id":1398,"href":"https:\/\/naturistderweg.be\/index.php\/wp-json\/wp\/v2\/pages\/420\/revisions\/1398"}],"wp:attachment":[{"href":"https:\/\/naturistderweg.be\/index.php\/wp-json\/wp\/v2\/media?parent=420"}],"curies":[{"name":"wp","href":"https:\/\/api.w.org\/{rel}","templated":true}]}}